{"id":1610,"date":"2015-06-03T06:55:45","date_gmt":"2015-06-03T06:55:45","guid":{"rendered":"http:\/\/www.szikorarendezoiroda.hu\/szikora\/?page_id=1610"},"modified":"2018-08-03T03:55:13","modified_gmt":"2018-08-03T03:55:13","slug":"maroth-viki-es-a-nova-kultur","status":"publish","type":"page","link":"http:\/\/www.szikorarendezoiroda.hu\/szikora\/tancdal-retro-pop\/maroth-viki-es-a-nova-kultur\/","title":{"rendered":"MAR\u00d3TH VIKI \u00c9S A NOVA KULT\u00daR"},"content":{"rendered":"<p>&nbsp;<\/p>\n<p>Rock and roll minden mennyis\u00e9gben. CD-alapos 30\u2019 illetve 45\u2019-es el\u0151ad\u00e1saikat, illetve a nagy koncertj\u00fcket is sz\u00edvesen hallgatja a k\u00f6z\u00f6ns\u00e9g.<\/p>\n<p><iframe loading=\"lazy\" width=\"800\" height=\"450\" src=\"https:\/\/www.youtube.com\/embed\/o1ziIfwl8RA?feature=oembed\" frameborder=\"0\" allowfullscreen><\/iframe><\/p>\n","protected":false},"excerpt":{"rendered":"<p>&nbsp; Rock and roll minden mennyis\u00e9gben. CD-alapos 30\u2019 illetve 45\u2019-es el\u0151ad\u00e1saikat, illetve a nagy koncertj\u00fcket is sz\u00edvesen hallgatja a k\u00f6z\u00f6ns\u00e9g.<\/p>\n","protected":false},"author":1,"featured_media":1611,"parent":20,"menu_order":0,"comment_status":"open","ping_status":"open","template":"","meta":{"footnotes":""},"aioseo_notices":[],"_links":{"self":[{"href":"http:\/\/www.szikorarendezoiroda.hu\/szikora\/wp-json\/wp\/v2\/pages\/1610"}],"collection":[{"href":"http:\/\/www.szikorarendezoiroda.hu\/szikora\/wp-json\/wp\/v2\/pages"}],"about":[{"href":"http:\/\/www.szikorarendezoiroda.hu\/szikora\/wp-json\/wp\/v2\/types\/page"}],"author":[{"embeddable":true,"href":"http:\/\/www.szikorarendezoiroda.hu\/szikora\/wp-json\/wp\/v2\/users\/1"}],"replies":[{"embeddable":true,"href":"http:\/\/www.szikorarendezoiroda.hu\/szikora\/wp-json\/wp\/v2\/comments?post=1610"}],"version-history":[{"count":2,"href":"http:\/\/www.szikorarendezoiroda.hu\/szikora\/wp-json\/wp\/v2\/pages\/1610\/revisions"}],"predecessor-version":[{"id":2719,"href":"http:\/\/www.szikorarendezoiroda.hu\/szikora\/wp-json\/wp\/v2\/pages\/1610\/revisions\/2719"}],"up":[{"embeddable":true,"href":"http:\/\/www.szikorarendezoiroda.hu\/szikora\/wp-json\/wp\/v2\/pages\/20"}],"wp:featuredmedia":[{"embeddable":true,"href":"http:\/\/www.szikorarendezoiroda.hu\/szikora\/wp-json\/wp\/v2\/media\/1611"}],"wp:attachment":[{"href":"http:\/\/www.szikorarendezoiroda.hu\/szikora\/wp-json\/wp\/v2\/media?parent=1610"}],"curies":[{"name":"wp","href":"https:\/\/api.w.org\/{rel}","templated":true}]}}