{"id":1607,"date":"2015-06-03T06:54:32","date_gmt":"2015-06-03T06:54:32","guid":{"rendered":"http:\/\/www.szikorarendezoiroda.hu\/szikora\/?page_id=1607"},"modified":"2018-08-03T03:52:33","modified_gmt":"2018-08-03T03:52:33","slug":"malek-andrea","status":"publish","type":"page","link":"http:\/\/www.szikorarendezoiroda.hu\/szikora\/tancdal-retro-pop\/malek-andrea\/","title":{"rendered":"MALEK ANDREA"},"content":{"rendered":"<p>&nbsp;<\/p>\n<p>Musical sz\u00edn\u00e9szn\u0151, aki a k\u00f6nny\u0171zene ter\u00fclet\u00e9n is kimagasl\u00f3an teljes\u00edt ak\u00e1r sz\u00f3l\u00f3ban, ak\u00e1r zenekar\u00e1val. De ez nem is csoda, hiszen \u201ezen\u00e9sz\u201dcsal\u00e1db\u00f3l sz\u00e1rmazik. Otthonr\u00f3l hozta mag\u00e1val a szinpad szeretet\u00e9t \u00e9s azt, hogy csak nagyon j\u00f3l \u00e9rdemes a k\u00f6z\u00f6ns\u00e9g el\u00e9 \u00e1llni.<\/p>\n<p><iframe loading=\"lazy\" width=\"800\" height=\"450\" src=\"https:\/\/www.youtube.com\/embed\/pyXl381Llec?feature=oembed\" frameborder=\"0\" allowfullscreen><\/iframe><\/p>\n","protected":false},"excerpt":{"rendered":"<p>&nbsp; Musical sz\u00edn\u00e9szn\u0151, aki a k\u00f6nny\u0171zene ter\u00fclet\u00e9n is kimagasl\u00f3an teljes\u00edt ak\u00e1r sz\u00f3l\u00f3ban, ak\u00e1r zenekar\u00e1val. De ez nem is csoda, hiszen \u201ezen\u00e9sz\u201dcsal\u00e1db\u00f3l sz\u00e1rmazik. Otthonr\u00f3l hozta mag\u00e1val a szinpad szeretet\u00e9t \u00e9s azt, <a class=\"more-link\" href=\"http:\/\/www.szikorarendezoiroda.hu\/szikora\/tancdal-retro-pop\/malek-andrea\/\">A folytat&aacute;s olvas&aacute;sa &rarr;<\/a><\/p>\n","protected":false},"author":1,"featured_media":1608,"parent":20,"menu_order":0,"comment_status":"open","ping_status":"open","template":"","meta":{"footnotes":""},"aioseo_notices":[],"_links":{"self":[{"href":"http:\/\/www.szikorarendezoiroda.hu\/szikora\/wp-json\/wp\/v2\/pages\/1607"}],"collection":[{"href":"http:\/\/www.szikorarendezoiroda.hu\/szikora\/wp-json\/wp\/v2\/pages"}],"about":[{"href":"http:\/\/www.szikorarendezoiroda.hu\/szikora\/wp-json\/wp\/v2\/types\/page"}],"author":[{"embeddable":true,"href":"http:\/\/www.szikorarendezoiroda.hu\/szikora\/wp-json\/wp\/v2\/users\/1"}],"replies":[{"embeddable":true,"href":"http:\/\/www.szikorarendezoiroda.hu\/szikora\/wp-json\/wp\/v2\/comments?post=1607"}],"version-history":[{"count":2,"href":"http:\/\/www.szikorarendezoiroda.hu\/szikora\/wp-json\/wp\/v2\/pages\/1607\/revisions"}],"predecessor-version":[{"id":2717,"href":"http:\/\/www.szikorarendezoiroda.hu\/szikora\/wp-json\/wp\/v2\/pages\/1607\/revisions\/2717"}],"up":[{"embeddable":true,"href":"http:\/\/www.szikorarendezoiroda.hu\/szikora\/wp-json\/wp\/v2\/pages\/20"}],"wp:featuredmedia":[{"embeddable":true,"href":"http:\/\/www.szikorarendezoiroda.hu\/szikora\/wp-json\/wp\/v2\/media\/1608"}],"wp:attachment":[{"href":"http:\/\/www.szikorarendezoiroda.hu\/szikora\/wp-json\/wp\/v2\/media?parent=1607"}],"curies":[{"name":"wp","href":"https:\/\/api.w.org\/{rel}","templated":true}]}}