{"id":1595,"date":"2015-06-03T06:49:36","date_gmt":"2015-06-03T06:49:36","guid":{"rendered":"http:\/\/www.szikorarendezoiroda.hu\/szikora\/?page_id=1595"},"modified":"2018-08-03T03:51:53","modified_gmt":"2018-08-03T03:51:53","slug":"kovacs-kati","status":"publish","type":"page","link":"http:\/\/www.szikorarendezoiroda.hu\/szikora\/tancdal-retro-pop\/kovacs-kati\/","title":{"rendered":"KOV\u00c1CS KATI"},"content":{"rendered":"<p>&nbsp;<\/p>\n<p><span style=\"font-family: Georgia,Palatino; font-size: 12pt;\">Az 1965-\u00f6s \u201eKi mit tud\u201d -ez volt az &#8222;\u0151s megaszt\u00e1r&#8221;- hozta meg sz\u00e1m\u00e1ra a m\u00e1ig tart\u00f3 sikert, ekkor lett az \u201e\u00c9v hangja\u201d. Ezut\u00e1n sorra nyerte a k\u00fcl\u00f6nb\u00f6z\u0151 fesztiv\u00e1lokat itthon \u00e9s k\u00fclf\u00f6ld\u00f6n. Az &#8222;\u00dagy szeretn\u00e9m megh\u00e1l\u00e1lni&#8221; c\u00edm\u0171 dala ma is az \u00e9desany\u00e1k egyik legszebb k\u00f6sz\u00f6nt\u0151je. Sz\u00e1mos filmszerepben is l\u00e1thatta a k\u00f6z\u00f6ns\u00e9g. Sz\u00e1mos sl\u00e1ger\u00e9nek zeneszerz\u0151j\u00e9vel, aki egyben zongorak\u00eds\u00e9r\u0151je is v\u00e1llalja fell\u00e9p\u00e9seit.<\/span><\/p>\n<p><iframe loading=\"lazy\" width=\"800\" height=\"600\" src=\"https:\/\/www.youtube.com\/embed\/SRjpYGKEV4I?feature=oembed\" frameborder=\"0\" allow=\"autoplay; encrypted-media\" allowfullscreen><\/iframe><\/p>\n","protected":false},"excerpt":{"rendered":"<p>&nbsp; Az 1965-\u00f6s \u201eKi mit tud\u201d -ez volt az &#8222;\u0151s megaszt\u00e1r&#8221;- hozta meg sz\u00e1m\u00e1ra a m\u00e1ig tart\u00f3 sikert, ekkor lett az \u201e\u00c9v hangja\u201d. Ezut\u00e1n sorra nyerte a k\u00fcl\u00f6nb\u00f6z\u0151 fesztiv\u00e1lokat itthon <a class=\"more-link\" href=\"http:\/\/www.szikorarendezoiroda.hu\/szikora\/tancdal-retro-pop\/kovacs-kati\/\">A folytat&aacute;s olvas&aacute;sa &rarr;<\/a><\/p>\n","protected":false},"author":1,"featured_media":1596,"parent":20,"menu_order":0,"comment_status":"open","ping_status":"open","template":"","meta":{"footnotes":""},"aioseo_notices":[],"_links":{"self":[{"href":"http:\/\/www.szikorarendezoiroda.hu\/szikora\/wp-json\/wp\/v2\/pages\/1595"}],"collection":[{"href":"http:\/\/www.szikorarendezoiroda.hu\/szikora\/wp-json\/wp\/v2\/pages"}],"about":[{"href":"http:\/\/www.szikorarendezoiroda.hu\/szikora\/wp-json\/wp\/v2\/types\/page"}],"author":[{"embeddable":true,"href":"http:\/\/www.szikorarendezoiroda.hu\/szikora\/wp-json\/wp\/v2\/users\/1"}],"replies":[{"embeddable":true,"href":"http:\/\/www.szikorarendezoiroda.hu\/szikora\/wp-json\/wp\/v2\/comments?post=1595"}],"version-history":[{"count":2,"href":"http:\/\/www.szikorarendezoiroda.hu\/szikora\/wp-json\/wp\/v2\/pages\/1595\/revisions"}],"predecessor-version":[{"id":2715,"href":"http:\/\/www.szikorarendezoiroda.hu\/szikora\/wp-json\/wp\/v2\/pages\/1595\/revisions\/2715"}],"up":[{"embeddable":true,"href":"http:\/\/www.szikorarendezoiroda.hu\/szikora\/wp-json\/wp\/v2\/pages\/20"}],"wp:featuredmedia":[{"embeddable":true,"href":"http:\/\/www.szikorarendezoiroda.hu\/szikora\/wp-json\/wp\/v2\/media\/1596"}],"wp:attachment":[{"href":"http:\/\/www.szikorarendezoiroda.hu\/szikora\/wp-json\/wp\/v2\/media?parent=1595"}],"curies":[{"name":"wp","href":"https:\/\/api.w.org\/{rel}","templated":true}]}}