{"id":1592,"date":"2015-06-03T06:48:08","date_gmt":"2015-06-03T06:48:08","guid":{"rendered":"http:\/\/www.szikorarendezoiroda.hu\/szikora\/?page_id=1592"},"modified":"2018-08-03T03:50:44","modified_gmt":"2018-08-03T03:50:44","slug":"korda-gyorgy-es-balazs-klari","status":"publish","type":"page","link":"http:\/\/www.szikorarendezoiroda.hu\/szikora\/tancdal-retro-pop\/korda-gyorgy-es-balazs-klari\/","title":{"rendered":"KORDA GY\u00d6RGY \u00c9S BAL\u00c1ZS KL\u00c1RI"},"content":{"rendered":"<p>&nbsp;<\/p>\n<p><span style=\"font-size: 12pt; font-family: Georgia,Palatino;\">50 \u00e9ve van a p\u00e1ly\u00e1n Korda Gy\u00f6rgy, sz\u00e1mtalan &#8222;ma is sl\u00e1ger&#8221; el\u0151ad\u00f3ja. 25 \u00e9ve t\u00e1rsa a szinpadon \u00e9s az \u00e9letben is Bal\u00e1zs Kl\u00e1ri. K\u00f6z\u00f6s szenved\u00e9ly\u00fck a p\u00f3ker, fell\u00e9p\u00e9seiket sz\u00edvesen v\u00e1llalj\u00e1k p\u00f3kerpartival egybek\u00f6tve. JUBILEUMI \u00c9L\u0150 NAGYKONCERTJ\u00dcK IS RENDELHET\u0150.<\/span><\/p>\n<p><iframe loading=\"lazy\" width=\"800\" height=\"600\" src=\"https:\/\/www.youtube.com\/embed\/rlzcSfPnxMY?feature=oembed\" frameborder=\"0\" allowfullscreen><\/iframe><\/p>\n","protected":false},"excerpt":{"rendered":"<p>&nbsp; 50 \u00e9ve van a p\u00e1ly\u00e1n Korda Gy\u00f6rgy, sz\u00e1mtalan &#8222;ma is sl\u00e1ger&#8221; el\u0151ad\u00f3ja. 25 \u00e9ve t\u00e1rsa a szinpadon \u00e9s az \u00e9letben is Bal\u00e1zs Kl\u00e1ri. K\u00f6z\u00f6s szenved\u00e9ly\u00fck a p\u00f3ker, fell\u00e9p\u00e9seiket sz\u00edvesen <a class=\"more-link\" href=\"http:\/\/www.szikorarendezoiroda.hu\/szikora\/tancdal-retro-pop\/korda-gyorgy-es-balazs-klari\/\">A folytat&aacute;s olvas&aacute;sa &rarr;<\/a><\/p>\n","protected":false},"author":1,"featured_media":1593,"parent":20,"menu_order":0,"comment_status":"open","ping_status":"open","template":"","meta":{"footnotes":""},"aioseo_notices":[],"_links":{"self":[{"href":"http:\/\/www.szikorarendezoiroda.hu\/szikora\/wp-json\/wp\/v2\/pages\/1592"}],"collection":[{"href":"http:\/\/www.szikorarendezoiroda.hu\/szikora\/wp-json\/wp\/v2\/pages"}],"about":[{"href":"http:\/\/www.szikorarendezoiroda.hu\/szikora\/wp-json\/wp\/v2\/types\/page"}],"author":[{"embeddable":true,"href":"http:\/\/www.szikorarendezoiroda.hu\/szikora\/wp-json\/wp\/v2\/users\/1"}],"replies":[{"embeddable":true,"href":"http:\/\/www.szikorarendezoiroda.hu\/szikora\/wp-json\/wp\/v2\/comments?post=1592"}],"version-history":[{"count":3,"href":"http:\/\/www.szikorarendezoiroda.hu\/szikora\/wp-json\/wp\/v2\/pages\/1592\/revisions"}],"predecessor-version":[{"id":2714,"href":"http:\/\/www.szikorarendezoiroda.hu\/szikora\/wp-json\/wp\/v2\/pages\/1592\/revisions\/2714"}],"up":[{"embeddable":true,"href":"http:\/\/www.szikorarendezoiroda.hu\/szikora\/wp-json\/wp\/v2\/pages\/20"}],"wp:featuredmedia":[{"embeddable":true,"href":"http:\/\/www.szikorarendezoiroda.hu\/szikora\/wp-json\/wp\/v2\/media\/1593"}],"wp:attachment":[{"href":"http:\/\/www.szikorarendezoiroda.hu\/szikora\/wp-json\/wp\/v2\/media?parent=1592"}],"curies":[{"name":"wp","href":"https:\/\/api.w.org\/{rel}","templated":true}]}}

KORDA GYÖRGY ÉS BALÁZS KLÁRI

<p>&nbsp;</p>
<p><span style="font-size: 12pt; font-family: Georgia,Palatino;">50 éve van a pályán Korda György, számtalan &#8222;ma is sláger&#8221; előadója. 25 éve társa a szinpadon és az életben is Balázs Klári. Közös szenvedélyük a póker, fellépéseiket szívesen vállalják pókerpartival egybekötve. JUBILEUMI ÉLŐ NAGYKONCERTJÜK IS RENDELHETŐ.</span></p>
<p><iframe loading="lazy" width="800" height="600" src="https://www.youtube.com/embed/rlzcSfPnxMY?feature=oembed" frameborder="0" allowfullscreen></iframe></p>

<p>&nbsp; 50 éve van a pályán Korda György, számtalan &#8222;ma is sláger&#8221; előadója. 25 éve társa a szinpadon és az életben is Balázs Klári. Közös szenvedélyük a póker, fellépéseiket szívesen <a class="more-link" href="http://www.szikorarendezoiroda.hu/szikora/tancdal-retro-pop/korda-gyorgy-es-balazs-klari/">A folytat&aacute;s olvas&aacute;sa &rarr;</a></p>
