{"id":1582,"date":"2015-06-03T06:42:42","date_gmt":"2015-06-03T06:42:42","guid":{"rendered":"http:\/\/www.szikorarendezoiroda.hu\/szikora\/?page_id=1582"},"modified":"2018-08-03T03:49:01","modified_gmt":"2018-08-03T03:49:01","slug":"keresztes-ildiko","status":"publish","type":"page","link":"http:\/\/www.szikorarendezoiroda.hu\/szikora\/tancdal-retro-pop\/keresztes-ildiko\/","title":{"rendered":"KERESZTES ILDIK\u00d3"},"content":{"rendered":"<p>&nbsp;<\/p>\n<p><span style=\"font-family: Georgia,Palatino; font-size: 12pt;\">\u201eMinden ami sz\u00e9p volt\u201d, \u00e9nekli az \u00e9nekesn\u0151-sz\u00edn\u00e9szn\u0151. K\u00e9tszer lett Emerton-d\u00edjas. A Soproni Sz\u00ednh\u00e1z sz\u00edn\u00e9szn\u0151je, jelent\u0151s szerepeket j\u00e1tszott t\u00f6bb musicalben \u00e9s rockoper\u00e1ban. 2006-ban megkapta az \u201e\u00d6r\u00f6k\u00f6s tags\u00e1g\u201d-ot. 2009-ben megalak\u00edtotta a Keresztes Ildik\u00f3 Band-et.<\/span><\/p>\n<p><iframe loading=\"lazy\" width=\"800\" height=\"450\" src=\"https:\/\/www.youtube.com\/embed\/DbE0aZw0rt8?feature=oembed\" frameborder=\"0\" allowfullscreen><\/iframe><\/p>\n<p>&nbsp;<\/p>\n","protected":false},"excerpt":{"rendered":"<p>&nbsp; \u201eMinden ami sz\u00e9p volt\u201d, \u00e9nekli az \u00e9nekesn\u0151-sz\u00edn\u00e9szn\u0151. K\u00e9tszer lett Emerton-d\u00edjas. A Soproni Sz\u00ednh\u00e1z sz\u00edn\u00e9szn\u0151je, jelent\u0151s szerepeket j\u00e1tszott t\u00f6bb musicalben \u00e9s rockoper\u00e1ban. 2006-ban megkapta az \u201e\u00d6r\u00f6k\u00f6s tags\u00e1g\u201d-ot. 2009-ben megalak\u00edtotta a <a class=\"more-link\" href=\"http:\/\/www.szikorarendezoiroda.hu\/szikora\/tancdal-retro-pop\/keresztes-ildiko\/\">A folytat&aacute;s olvas&aacute;sa &rarr;<\/a><\/p>\n","protected":false},"author":1,"featured_media":1583,"parent":20,"menu_order":0,"comment_status":"open","ping_status":"open","template":"","meta":{"footnotes":""},"aioseo_notices":[],"_links":{"self":[{"href":"http:\/\/www.szikorarendezoiroda.hu\/szikora\/wp-json\/wp\/v2\/pages\/1582"}],"collection":[{"href":"http:\/\/www.szikorarendezoiroda.hu\/szikora\/wp-json\/wp\/v2\/pages"}],"about":[{"href":"http:\/\/www.szikorarendezoiroda.hu\/szikora\/wp-json\/wp\/v2\/types\/page"}],"author":[{"embeddable":true,"href":"http:\/\/www.szikorarendezoiroda.hu\/szikora\/wp-json\/wp\/v2\/users\/1"}],"replies":[{"embeddable":true,"href":"http:\/\/www.szikorarendezoiroda.hu\/szikora\/wp-json\/wp\/v2\/comments?post=1582"}],"version-history":[{"count":3,"href":"http:\/\/www.szikorarendezoiroda.hu\/szikora\/wp-json\/wp\/v2\/pages\/1582\/revisions"}],"predecessor-version":[{"id":2709,"href":"http:\/\/www.szikorarendezoiroda.hu\/szikora\/wp-json\/wp\/v2\/pages\/1582\/revisions\/2709"}],"up":[{"embeddable":true,"href":"http:\/\/www.szikorarendezoiroda.hu\/szikora\/wp-json\/wp\/v2\/pages\/20"}],"wp:featuredmedia":[{"embeddable":true,"href":"http:\/\/www.szikorarendezoiroda.hu\/szikora\/wp-json\/wp\/v2\/media\/1583"}],"wp:attachment":[{"href":"http:\/\/www.szikorarendezoiroda.hu\/szikora\/wp-json\/wp\/v2\/media?parent=1582"}],"curies":[{"name":"wp","href":"https:\/\/api.w.org\/{rel}","templated":true}]}}