{"id":1552,"date":"2015-06-03T06:27:12","date_gmt":"2015-06-03T06:27:12","guid":{"rendered":"http:\/\/www.szikorarendezoiroda.hu\/szikora\/?page_id=1552"},"modified":"2018-08-03T03:40:27","modified_gmt":"2018-08-03T03:40:27","slug":"csepregi-eva","status":"publish","type":"page","link":"http:\/\/www.szikorarendezoiroda.hu\/szikora\/tancdal-retro-pop\/csepregi-eva\/","title":{"rendered":"CSEPREGI \u00c9VA"},"content":{"rendered":"<p>&nbsp;<\/p>\n<p><span style=\"font-family: Georgia,Palatino; font-size: 12pt;\">Neve \u00e9s a Neoton Famillia neve elv\u00e1laszthatatlan, sz\u00e1mtalan sl\u00e1ger\u00fckkel pl. &#8222;Yoyo&#8221;, &#8222;Santa Maria&#8221; CD alapos \u00e9s \u00e9l\u0151 koncertjeiket minden rendezv\u00e9nyen sz\u00edvesen fogadj\u00e1k.<\/span><\/p>\n<p><span style=\"font-family: Georgia,Palatino; font-size: 12pt;\">V\u00e9gv\u00e1ri \u00c1d\u00e1mmal k\u00f6z\u00f6sen is rendelhet\u0151 m\u0171soruk 40&#8242; illetve 60 percben<\/span><\/p>\n<p><iframe loading=\"lazy\" width=\"800\" height=\"600\" src=\"https:\/\/www.youtube.com\/embed\/j0FQRcdLvVg?feature=oembed\" frameborder=\"0\" allowfullscreen><\/iframe><\/p>\n","protected":false},"excerpt":{"rendered":"<p>&nbsp; Neve \u00e9s a Neoton Famillia neve elv\u00e1laszthatatlan, sz\u00e1mtalan sl\u00e1ger\u00fckkel pl. &#8222;Yoyo&#8221;, &#8222;Santa Maria&#8221; CD alapos \u00e9s \u00e9l\u0151 koncertjeiket minden rendezv\u00e9nyen sz\u00edvesen fogadj\u00e1k. V\u00e9gv\u00e1ri \u00c1d\u00e1mmal k\u00f6z\u00f6sen is rendelhet\u0151 m\u0171soruk 40&#8242; <a class=\"more-link\" href=\"http:\/\/www.szikorarendezoiroda.hu\/szikora\/tancdal-retro-pop\/csepregi-eva\/\">A folytat&aacute;s olvas&aacute;sa &rarr;<\/a><\/p>\n","protected":false},"author":1,"featured_media":1553,"parent":20,"menu_order":0,"comment_status":"open","ping_status":"open","template":"","meta":{"footnotes":""},"aioseo_notices":[],"_links":{"self":[{"href":"http:\/\/www.szikorarendezoiroda.hu\/szikora\/wp-json\/wp\/v2\/pages\/1552"}],"collection":[{"href":"http:\/\/www.szikorarendezoiroda.hu\/szikora\/wp-json\/wp\/v2\/pages"}],"about":[{"href":"http:\/\/www.szikorarendezoiroda.hu\/szikora\/wp-json\/wp\/v2\/types\/page"}],"author":[{"embeddable":true,"href":"http:\/\/www.szikorarendezoiroda.hu\/szikora\/wp-json\/wp\/v2\/users\/1"}],"replies":[{"embeddable":true,"href":"http:\/\/www.szikorarendezoiroda.hu\/szikora\/wp-json\/wp\/v2\/comments?post=1552"}],"version-history":[{"count":4,"href":"http:\/\/www.szikorarendezoiroda.hu\/szikora\/wp-json\/wp\/v2\/pages\/1552\/revisions"}],"predecessor-version":[{"id":2696,"href":"http:\/\/www.szikorarendezoiroda.hu\/szikora\/wp-json\/wp\/v2\/pages\/1552\/revisions\/2696"}],"up":[{"embeddable":true,"href":"http:\/\/www.szikorarendezoiroda.hu\/szikora\/wp-json\/wp\/v2\/pages\/20"}],"wp:featuredmedia":[{"embeddable":true,"href":"http:\/\/www.szikorarendezoiroda.hu\/szikora\/wp-json\/wp\/v2\/media\/1553"}],"wp:attachment":[{"href":"http:\/\/www.szikorarendezoiroda.hu\/szikora\/wp-json\/wp\/v2\/media?parent=1552"}],"curies":[{"name":"wp","href":"https:\/\/api.w.org\/{rel}","templated":true}]}}

CSEPREGI ÉVA

<p>&nbsp;</p>
<p><span style="font-family: Georgia,Palatino; font-size: 12pt;">Neve és a Neoton Famillia neve elválaszthatatlan, számtalan slágerükkel pl. &#8222;Yoyo&#8221;, &#8222;Santa Maria&#8221; CD alapos és élő koncertjeiket minden rendezvényen szívesen fogadják.</span></p>
<p><span style="font-family: Georgia,Palatino; font-size: 12pt;">Végvári Ádámmal közösen is rendelhető műsoruk 40&#8242; illetve 60 percben</span></p>
<p><iframe loading="lazy" width="800" height="600" src="https://www.youtube.com/embed/j0FQRcdLvVg?feature=oembed" frameborder="0" allowfullscreen></iframe></p>

<p>&nbsp; Neve és a Neoton Famillia neve elválaszthatatlan, számtalan slágerükkel pl. &#8222;Yoyo&#8221;, &#8222;Santa Maria&#8221; CD alapos és élő koncertjeiket minden rendezvényen szívesen fogadják. Végvári Ádámmal közösen is rendelhető műsoruk 40&#8242; <a class="more-link" href="http://www.szikorarendezoiroda.hu/szikora/tancdal-retro-pop/csepregi-eva/">A folytat&aacute;s olvas&aacute;sa &rarr;</a></p>
