{"id":1391,"date":"2015-06-02T09:01:15","date_gmt":"2015-06-02T09:01:15","guid":{"rendered":"http:\/\/www.szikorarendezoiroda.hu\/szikora\/?page_id=1391"},"modified":"2018-08-04T04:05:40","modified_gmt":"2018-08-04T04:05:40","slug":"herczeg-flora","status":"publish","type":"page","link":"http:\/\/www.szikorarendezoiroda.hu\/szikora\/zenekarok\/herczeg-flora\/","title":{"rendered":"HERCZEG FL\u00d3RA"},"content":{"rendered":"<p>&nbsp;<\/p>\n<p><span style=\"font-family: Georgia,Palatino; font-size: 12pt;\">Eg\u00e9sz \u00e9lete a n\u00e9pdal, n\u00e9pt\u00e1nc, n\u00e9pzene vil\u00e1g\u00e1ba tart. A &#8222;T\u00c1RSULAT&#8221; szerepv\u00e1logat\u00f3j\u00e1n elnyerte R\u00e9ka szerep\u00e9t, az egri G\u00e1rdonyi G\u00e9za Sz\u00ednh\u00e1zban pedig a Cs\u00edksomly\u00f3i Passi\u00f3ban elj\u00e1tszotta \u00c9gi M\u00e1ri\u00e1t, valamint a Fejedelem c. darabban Cinka Pann\u00e1t.<\/span><\/p>\n<p><iframe loading=\"lazy\" width=\"800\" height=\"450\" src=\"https:\/\/www.youtube.com\/embed\/2x_EqMDW3XY?feature=oembed\" frameborder=\"0\" allowfullscreen><\/iframe><\/p>\n","protected":false},"excerpt":{"rendered":"<p>&nbsp; Eg\u00e9sz \u00e9lete a n\u00e9pdal, n\u00e9pt\u00e1nc, n\u00e9pzene vil\u00e1g\u00e1ba tart. A &#8222;T\u00c1RSULAT&#8221; szerepv\u00e1logat\u00f3j\u00e1n elnyerte R\u00e9ka szerep\u00e9t, az egri G\u00e1rdonyi G\u00e9za Sz\u00ednh\u00e1zban pedig a Cs\u00edksomly\u00f3i Passi\u00f3ban elj\u00e1tszotta \u00c9gi M\u00e1ri\u00e1t, valamint a Fejedelem <a class=\"more-link\" href=\"http:\/\/www.szikorarendezoiroda.hu\/szikora\/zenekarok\/herczeg-flora\/\">A folytat&aacute;s olvas&aacute;sa &rarr;<\/a><\/p>\n","protected":false},"author":1,"featured_media":1392,"parent":22,"menu_order":0,"comment_status":"open","ping_status":"open","template":"","meta":{"footnotes":""},"aioseo_notices":[],"_links":{"self":[{"href":"http:\/\/www.szikorarendezoiroda.hu\/szikora\/wp-json\/wp\/v2\/pages\/1391"}],"collection":[{"href":"http:\/\/www.szikorarendezoiroda.hu\/szikora\/wp-json\/wp\/v2\/pages"}],"about":[{"href":"http:\/\/www.szikorarendezoiroda.hu\/szikora\/wp-json\/wp\/v2\/types\/page"}],"author":[{"embeddable":true,"href":"http:\/\/www.szikorarendezoiroda.hu\/szikora\/wp-json\/wp\/v2\/users\/1"}],"replies":[{"embeddable":true,"href":"http:\/\/www.szikorarendezoiroda.hu\/szikora\/wp-json\/wp\/v2\/comments?post=1391"}],"version-history":[{"count":6,"href":"http:\/\/www.szikorarendezoiroda.hu\/szikora\/wp-json\/wp\/v2\/pages\/1391\/revisions"}],"predecessor-version":[{"id":2905,"href":"http:\/\/www.szikorarendezoiroda.hu\/szikora\/wp-json\/wp\/v2\/pages\/1391\/revisions\/2905"}],"up":[{"embeddable":true,"href":"http:\/\/www.szikorarendezoiroda.hu\/szikora\/wp-json\/wp\/v2\/pages\/22"}],"wp:featuredmedia":[{"embeddable":true,"href":"http:\/\/www.szikorarendezoiroda.hu\/szikora\/wp-json\/wp\/v2\/media\/1392"}],"wp:attachment":[{"href":"http:\/\/www.szikorarendezoiroda.hu\/szikora\/wp-json\/wp\/v2\/media?parent=1391"}],"curies":[{"name":"wp","href":"https:\/\/api.w.org\/{rel}","templated":true}]}}

HERCZEG FLÓRA

<p>&nbsp;</p>
<p><span style="font-family: Georgia,Palatino; font-size: 12pt;">Egész élete a népdal, néptánc, népzene világába tart. A &#8222;TÁRSULAT&#8221; szerepválogatóján elnyerte Réka szerepét, az egri Gárdonyi Géza Színházban pedig a Csíksomlyói Passióban eljátszotta Égi Máriát, valamint a Fejedelem c. darabban Cinka Pannát.</span></p>
<p><iframe loading="lazy" width="800" height="450" src="https://www.youtube.com/embed/2x_EqMDW3XY?feature=oembed" frameborder="0" allowfullscreen></iframe></p>

<p>&nbsp; Egész élete a népdal, néptánc, népzene világába tart. A &#8222;TÁRSULAT&#8221; szerepválogatóján elnyerte Réka szerepét, az egri Gárdonyi Géza Színházban pedig a Csíksomlyói Passióban eljátszotta Égi Máriát, valamint a Fejedelem <a class="more-link" href="http://www.szikorarendezoiroda.hu/szikora/zenekarok/herczeg-flora/">A folytat&aacute;s olvas&aacute;sa &rarr;</a></p>
