{"id":1382,"date":"2015-06-02T08:55:41","date_gmt":"2015-06-02T08:55:41","guid":{"rendered":"http:\/\/www.szikorarendezoiroda.hu\/szikora\/?page_id=1382"},"modified":"2018-08-04T04:21:40","modified_gmt":"2018-08-04T04:21:40","slug":"szvorak-katalin-es-timar-sara","status":"publish","type":"page","link":"http:\/\/www.szikorarendezoiroda.hu\/szikora\/zenekarok\/szvorak-katalin-es-timar-sara\/","title":{"rendered":"SZVOR\u00c1K KATALIN \u00e9s T\u00cdM\u00c1R S\u00c1RA"},"content":{"rendered":"<p>&nbsp;<\/p>\n<p><span style=\"font-family: Georgia,Palatino; font-size: 12pt;\">A legszebb hangszer az emberi hang, ami m\u00e1r akkor is &#8222;sz\u00f3lt&#8221;, amikor a hangszereket m\u00e9g fel sem tal\u00e1lt\u00e1k. A koncert a Mesternek, Szvor\u00e1k Katalin Kossuth-d\u00edjas \u00e9nekesnek \u00e9s a tan\u00edtv\u00e1nynak, a Junior Prima-d\u00edjas T\u00edm\u00e1r S\u00e1r\u00e1nak \u00f6nfeledt, k\u00f6z\u00f6s \u00e9nekl\u00e9se.<\/span><\/p>\n<p><iframe loading=\"lazy\" width=\"800\" height=\"450\" src=\"https:\/\/www.youtube.com\/embed\/XXkZSo6lztE?feature=oembed\" frameborder=\"0\" allowfullscreen><\/iframe><\/p>\n","protected":false},"excerpt":{"rendered":"<p>&nbsp; A legszebb hangszer az emberi hang, ami m\u00e1r akkor is &#8222;sz\u00f3lt&#8221;, amikor a hangszereket m\u00e9g fel sem tal\u00e1lt\u00e1k. A koncert a Mesternek, Szvor\u00e1k Katalin Kossuth-d\u00edjas \u00e9nekesnek \u00e9s a tan\u00edtv\u00e1nynak, <a class=\"more-link\" href=\"http:\/\/www.szikorarendezoiroda.hu\/szikora\/zenekarok\/szvorak-katalin-es-timar-sara\/\">A folytat&aacute;s olvas&aacute;sa &rarr;<\/a><\/p>\n","protected":false},"author":1,"featured_media":1383,"parent":22,"menu_order":0,"comment_status":"open","ping_status":"open","template":"","meta":{"footnotes":""},"aioseo_notices":[],"_links":{"self":[{"href":"http:\/\/www.szikorarendezoiroda.hu\/szikora\/wp-json\/wp\/v2\/pages\/1382"}],"collection":[{"href":"http:\/\/www.szikorarendezoiroda.hu\/szikora\/wp-json\/wp\/v2\/pages"}],"about":[{"href":"http:\/\/www.szikorarendezoiroda.hu\/szikora\/wp-json\/wp\/v2\/types\/page"}],"author":[{"embeddable":true,"href":"http:\/\/www.szikorarendezoiroda.hu\/szikora\/wp-json\/wp\/v2\/users\/1"}],"replies":[{"embeddable":true,"href":"http:\/\/www.szikorarendezoiroda.hu\/szikora\/wp-json\/wp\/v2\/comments?post=1382"}],"version-history":[{"count":4,"href":"http:\/\/www.szikorarendezoiroda.hu\/szikora\/wp-json\/wp\/v2\/pages\/1382\/revisions"}],"predecessor-version":[{"id":2939,"href":"http:\/\/www.szikorarendezoiroda.hu\/szikora\/wp-json\/wp\/v2\/pages\/1382\/revisions\/2939"}],"up":[{"embeddable":true,"href":"http:\/\/www.szikorarendezoiroda.hu\/szikora\/wp-json\/wp\/v2\/pages\/22"}],"wp:featuredmedia":[{"embeddable":true,"href":"http:\/\/www.szikorarendezoiroda.hu\/szikora\/wp-json\/wp\/v2\/media\/1383"}],"wp:attachment":[{"href":"http:\/\/www.szikorarendezoiroda.hu\/szikora\/wp-json\/wp\/v2\/media?parent=1382"}],"curies":[{"name":"wp","href":"https:\/\/api.w.org\/{rel}","templated":true}]}}

SZVORÁK KATALIN és TÍMÁR SÁRA

<p>&nbsp;</p>
<p><span style="font-family: Georgia,Palatino; font-size: 12pt;">A legszebb hangszer az emberi hang, ami már akkor is &#8222;szólt&#8221;, amikor a hangszereket még fel sem találták. A koncert a Mesternek, Szvorák Katalin Kossuth-díjas énekesnek és a tanítványnak, a Junior Prima-díjas Tímár Sárának önfeledt, közös éneklése.</span></p>
<p><iframe loading="lazy" width="800" height="450" src="https://www.youtube.com/embed/XXkZSo6lztE?feature=oembed" frameborder="0" allowfullscreen></iframe></p>

<p>&nbsp; A legszebb hangszer az emberi hang, ami már akkor is &#8222;szólt&#8221;, amikor a hangszereket még fel sem találták. A koncert a Mesternek, Szvorák Katalin Kossuth-díjas énekesnek és a tanítványnak, <a class="more-link" href="http://www.szikorarendezoiroda.hu/szikora/zenekarok/szvorak-katalin-es-timar-sara/">A folytat&aacute;s olvas&aacute;sa &rarr;</a></p>
