{"id":1319,"date":"2015-06-02T08:22:37","date_gmt":"2015-06-02T08:22:37","guid":{"rendered":"http:\/\/www.szikorarendezoiroda.hu\/szikora\/?page_id=1319"},"modified":"2018-08-05T07:28:03","modified_gmt":"2018-08-05T07:28:03","slug":"sarantis-mantzourakis","status":"publish","type":"page","link":"http:\/\/www.szikorarendezoiroda.hu\/szikora\/hangszerek-muveszei\/sarantis-mantzourakis\/","title":{"rendered":"SARANTIS MANTZOURAKIS"},"content":{"rendered":"<p>&nbsp;<\/p>\n<p><span style=\"font-family: Georgia,Palatino; font-size: 12pt;\">A m\u0171v\u00e9sz el\u0151ad\u00e1sain belek\u00f3stolhatnak a g\u00f6r\u00f6g zene vil\u00e1g\u00e1ba \u00e9s abba a hangulatba, ami\u00e9rt a vil\u00e1g minden t\u00e1j\u00e1n oly nagyon szeretik ezt a muzsik\u00e1t.<\/span><\/p>\n<p><iframe loading=\"lazy\" width=\"800\" height=\"450\" src=\"https:\/\/www.youtube.com\/embed\/3wQBy_Daox0?feature=oembed\" frameborder=\"0\" allowfullscreen><\/iframe><\/p>\n","protected":false},"excerpt":{"rendered":"<p>&nbsp; A m\u0171v\u00e9sz el\u0151ad\u00e1sain belek\u00f3stolhatnak a g\u00f6r\u00f6g zene vil\u00e1g\u00e1ba \u00e9s abba a hangulatba, ami\u00e9rt a vil\u00e1g minden t\u00e1j\u00e1n oly nagyon szeretik ezt a muzsik\u00e1t.<\/p>\n","protected":false},"author":1,"featured_media":1320,"parent":37,"menu_order":0,"comment_status":"open","ping_status":"open","template":"","meta":{"footnotes":""},"aioseo_notices":[],"_links":{"self":[{"href":"http:\/\/www.szikorarendezoiroda.hu\/szikora\/wp-json\/wp\/v2\/pages\/1319"}],"collection":[{"href":"http:\/\/www.szikorarendezoiroda.hu\/szikora\/wp-json\/wp\/v2\/pages"}],"about":[{"href":"http:\/\/www.szikorarendezoiroda.hu\/szikora\/wp-json\/wp\/v2\/types\/page"}],"author":[{"embeddable":true,"href":"http:\/\/www.szikorarendezoiroda.hu\/szikora\/wp-json\/wp\/v2\/users\/1"}],"replies":[{"embeddable":true,"href":"http:\/\/www.szikorarendezoiroda.hu\/szikora\/wp-json\/wp\/v2\/comments?post=1319"}],"version-history":[{"count":3,"href":"http:\/\/www.szikorarendezoiroda.hu\/szikora\/wp-json\/wp\/v2\/pages\/1319\/revisions"}],"predecessor-version":[{"id":3138,"href":"http:\/\/www.szikorarendezoiroda.hu\/szikora\/wp-json\/wp\/v2\/pages\/1319\/revisions\/3138"}],"up":[{"embeddable":true,"href":"http:\/\/www.szikorarendezoiroda.hu\/szikora\/wp-json\/wp\/v2\/pages\/37"}],"wp:featuredmedia":[{"embeddable":true,"href":"http:\/\/www.szikorarendezoiroda.hu\/szikora\/wp-json\/wp\/v2\/media\/1320"}],"wp:attachment":[{"href":"http:\/\/www.szikorarendezoiroda.hu\/szikora\/wp-json\/wp\/v2\/media?parent=1319"}],"curies":[{"name":"wp","href":"https:\/\/api.w.org\/{rel}","templated":true}]}}