{"id":1253,"date":"2015-06-02T07:31:56","date_gmt":"2015-06-02T07:31:56","guid":{"rendered":"http:\/\/www.szikorarendezoiroda.hu\/szikora\/?page_id=1253"},"modified":"2018-08-05T07:13:22","modified_gmt":"2018-08-05T07:13:22","slug":"a-rut-kiskacsa","status":"publish","type":"page","link":"http:\/\/www.szikorarendezoiroda.hu\/szikora\/gyerekszinhazi-eloadasok\/a-rut-kiskacsa\/","title":{"rendered":"A R\u00daT KISKACSA"},"content":{"rendered":"<p><em><span style=\"font-family: Georgia,Palatino; font-size: 12pt;\">5 szerepl\u0151vel<\/span><\/em><\/p>\n<p>&nbsp;<\/p>\n<p><span style=\"font-family: Georgia,Palatino; font-size: 12pt;\">Andersen \u00f6r\u00f6kz\u00f6ld mes\u00e9je arr\u00f3l, hogy a R\u00fat Kiskacs\u00e1b\u00f3l hogyan lesz gy\u00f6ny\u00f6r\u0171 hatty\u00fa, mikor meg\u00e9rkezik \u00f6v\u00e9ihez.<\/span><\/p>\n","protected":false},"excerpt":{"rendered":"<p>5 szerepl\u0151vel &nbsp; Andersen \u00f6r\u00f6kz\u00f6ld mes\u00e9je arr\u00f3l, hogy a R\u00fat Kiskacs\u00e1b\u00f3l hogyan lesz gy\u00f6ny\u00f6r\u0171 hatty\u00fa, mikor meg\u00e9rkezik \u00f6v\u00e9ihez.<\/p>\n","protected":false},"author":1,"featured_media":3121,"parent":1204,"menu_order":0,"comment_status":"open","ping_status":"open","template":"","meta":{"footnotes":""},"aioseo_notices":[],"_links":{"self":[{"href":"http:\/\/www.szikorarendezoiroda.hu\/szikora\/wp-json\/wp\/v2\/pages\/1253"}],"collection":[{"href":"http:\/\/www.szikorarendezoiroda.hu\/szikora\/wp-json\/wp\/v2\/pages"}],"about":[{"href":"http:\/\/www.szikorarendezoiroda.hu\/szikora\/wp-json\/wp\/v2\/types\/page"}],"author":[{"embeddable":true,"href":"http:\/\/www.szikorarendezoiroda.hu\/szikora\/wp-json\/wp\/v2\/users\/1"}],"replies":[{"embeddable":true,"href":"http:\/\/www.szikorarendezoiroda.hu\/szikora\/wp-json\/wp\/v2\/comments?post=1253"}],"version-history":[{"count":3,"href":"http:\/\/www.szikorarendezoiroda.hu\/szikora\/wp-json\/wp\/v2\/pages\/1253\/revisions"}],"predecessor-version":[{"id":3122,"href":"http:\/\/www.szikorarendezoiroda.hu\/szikora\/wp-json\/wp\/v2\/pages\/1253\/revisions\/3122"}],"up":[{"embeddable":true,"href":"http:\/\/www.szikorarendezoiroda.hu\/szikora\/wp-json\/wp\/v2\/pages\/1204"}],"wp:featuredmedia":[{"embeddable":true,"href":"http:\/\/www.szikorarendezoiroda.hu\/szikora\/wp-json\/wp\/v2\/media\/3121"}],"wp:attachment":[{"href":"http:\/\/www.szikorarendezoiroda.hu\/szikora\/wp-json\/wp\/v2\/media?parent=1253"}],"curies":[{"name":"wp","href":"https:\/\/api.w.org\/{rel}","templated":true}]}}