{"id":1250,"date":"2015-06-02T07:31:01","date_gmt":"2015-06-02T07:31:01","guid":{"rendered":"http:\/\/www.szikorarendezoiroda.hu\/szikora\/?page_id=1250"},"modified":"2018-08-05T07:13:04","modified_gmt":"2018-08-05T07:13:04","slug":"a-harom-kismalac","status":"publish","type":"page","link":"http:\/\/www.szikorarendezoiroda.hu\/szikora\/gyerekszinhazi-eloadasok\/a-harom-kismalac\/","title":{"rendered":"A H\u00c1ROM KISMALAC"},"content":{"rendered":"<p><span style=\"font-family: Georgia,Palatino; font-size: 12pt;\">5 szerepl\u0151vel<\/span><\/p>\n<p>&nbsp;<\/p>\n<p><span style=\"font-family: Georgia,Palatino; font-size: 12pt;\">Klasszikus mesej\u00e1t\u00e9k, amelyb\u0151l megtudhatjuk, milyen furfanggal j\u00e1r t\u00fal a H\u00e1rom Kismalac a gonosz Farkas esz\u00e9n.<\/span><\/p>\n","protected":false},"excerpt":{"rendered":"<p>5 szerepl\u0151vel &nbsp; Klasszikus mesej\u00e1t\u00e9k, amelyb\u0151l megtudhatjuk, milyen furfanggal j\u00e1r t\u00fal a H\u00e1rom Kismalac a gonosz Farkas esz\u00e9n.<\/p>\n","protected":false},"author":1,"featured_media":3119,"parent":1204,"menu_order":0,"comment_status":"open","ping_status":"open","template":"","meta":{"footnotes":""},"aioseo_notices":[],"_links":{"self":[{"href":"http:\/\/www.szikorarendezoiroda.hu\/szikora\/wp-json\/wp\/v2\/pages\/1250"}],"collection":[{"href":"http:\/\/www.szikorarendezoiroda.hu\/szikora\/wp-json\/wp\/v2\/pages"}],"about":[{"href":"http:\/\/www.szikorarendezoiroda.hu\/szikora\/wp-json\/wp\/v2\/types\/page"}],"author":[{"embeddable":true,"href":"http:\/\/www.szikorarendezoiroda.hu\/szikora\/wp-json\/wp\/v2\/users\/1"}],"replies":[{"embeddable":true,"href":"http:\/\/www.szikorarendezoiroda.hu\/szikora\/wp-json\/wp\/v2\/comments?post=1250"}],"version-history":[{"count":3,"href":"http:\/\/www.szikorarendezoiroda.hu\/szikora\/wp-json\/wp\/v2\/pages\/1250\/revisions"}],"predecessor-version":[{"id":3120,"href":"http:\/\/www.szikorarendezoiroda.hu\/szikora\/wp-json\/wp\/v2\/pages\/1250\/revisions\/3120"}],"up":[{"embeddable":true,"href":"http:\/\/www.szikorarendezoiroda.hu\/szikora\/wp-json\/wp\/v2\/pages\/1204"}],"wp:featuredmedia":[{"embeddable":true,"href":"http:\/\/www.szikorarendezoiroda.hu\/szikora\/wp-json\/wp\/v2\/media\/3119"}],"wp:attachment":[{"href":"http:\/\/www.szikorarendezoiroda.hu\/szikora\/wp-json\/wp\/v2\/media?parent=1250"}],"curies":[{"name":"wp","href":"https:\/\/api.w.org\/{rel}","templated":true}]}}