{"id":1242,"date":"2015-06-02T07:26:32","date_gmt":"2015-06-02T07:26:32","guid":{"rendered":"http:\/\/www.szikorarendezoiroda.hu\/szikora\/?page_id=1242"},"modified":"2015-06-02T07:26:32","modified_gmt":"2015-06-02T07:26:32","slug":"varazslatos-mesekartyak-avagy-a-dalok-szarnyan","status":"publish","type":"page","link":"http:\/\/www.szikorarendezoiroda.hu\/szikora\/gyerekszinhazi-eloadasok\/varazslatos-mesekartyak-avagy-a-dalok-szarnyan\/","title":{"rendered":"VAR\u00c1ZSLATOS MESEK\u00c1RTY\u00c1K, AVAGY A DALOK SZ\u00c1RNY\u00c1N"},"content":{"rendered":"<p><em>\u00a0<span style=\"font-family: Georgia,Palatino; font-size: 12pt;\">2 szerepl\u0151vel<\/span><\/em><\/p>\n<p><span style=\"font-family: Georgia,Palatino; font-size: 12pt;\">Natik\u00e1t \u00e9s Dinik\u00e9t \u00e9desanyjuk rendre utas\u00edtja rosszalkod\u00e1suk miatt azzal, hogy m\u00e1snap nem indulnak Disney Land-be, ha nem viselkednek rendesen. A k\u00e9t kisgyerek elalszik, \u00e9s \u00e1lmukban tal\u00e1lkoznak a Kis Hable\u00e1nnyal, az Oroszl\u00e1nkir\u00e1llyal, \u00d3zzal, Vukkal, Paffal a b\u0171v\u00f6s s\u00e1rk\u00e1nnyal \u00e9s term\u00e9szetesen m\u00e9g nagyon-nagyon sok kedves gyerekdal szerepl\u0151j\u00e9vel.<\/span><\/p>\n","protected":false},"excerpt":{"rendered":"<p>\u00a02 szerepl\u0151vel Natik\u00e1t \u00e9s Dinik\u00e9t \u00e9desanyjuk rendre utas\u00edtja rosszalkod\u00e1suk miatt azzal, hogy m\u00e1snap nem indulnak Disney Land-be, ha nem viselkednek rendesen. A k\u00e9t kisgyerek elalszik, \u00e9s \u00e1lmukban tal\u00e1lkoznak a Kis <a class=\"more-link\" href=\"http:\/\/www.szikorarendezoiroda.hu\/szikora\/gyerekszinhazi-eloadasok\/varazslatos-mesekartyak-avagy-a-dalok-szarnyan\/\">A folytat&aacute;s olvas&aacute;sa &rarr;<\/a><\/p>\n","protected":false},"author":1,"featured_media":0,"parent":1204,"menu_order":0,"comment_status":"open","ping_status":"open","template":"","meta":{"footnotes":""},"aioseo_notices":[],"_links":{"self":[{"href":"http:\/\/www.szikorarendezoiroda.hu\/szikora\/wp-json\/wp\/v2\/pages\/1242"}],"collection":[{"href":"http:\/\/www.szikorarendezoiroda.hu\/szikora\/wp-json\/wp\/v2\/pages"}],"about":[{"href":"http:\/\/www.szikorarendezoiroda.hu\/szikora\/wp-json\/wp\/v2\/types\/page"}],"author":[{"embeddable":true,"href":"http:\/\/www.szikorarendezoiroda.hu\/szikora\/wp-json\/wp\/v2\/users\/1"}],"replies":[{"embeddable":true,"href":"http:\/\/www.szikorarendezoiroda.hu\/szikora\/wp-json\/wp\/v2\/comments?post=1242"}],"version-history":[{"count":1,"href":"http:\/\/www.szikorarendezoiroda.hu\/szikora\/wp-json\/wp\/v2\/pages\/1242\/revisions"}],"predecessor-version":[{"id":1243,"href":"http:\/\/www.szikorarendezoiroda.hu\/szikora\/wp-json\/wp\/v2\/pages\/1242\/revisions\/1243"}],"up":[{"embeddable":true,"href":"http:\/\/www.szikorarendezoiroda.hu\/szikora\/wp-json\/wp\/v2\/pages\/1204"}],"wp:attachment":[{"href":"http:\/\/www.szikorarendezoiroda.hu\/szikora\/wp-json\/wp\/v2\/media?parent=1242"}],"curies":[{"name":"wp","href":"https:\/\/api.w.org\/{rel}","templated":true}]}}

VARÁZSLATOS MESEKÁRTYÁK, AVAGY A DALOK SZÁRNYÁN

<p><em> <span style="font-family: Georgia,Palatino; font-size: 12pt;">2 szereplővel</span></em></p>
<p><span style="font-family: Georgia,Palatino; font-size: 12pt;">Natikát és Dinikét édesanyjuk rendre utasítja rosszalkodásuk miatt azzal, hogy másnap nem indulnak Disney Land-be, ha nem viselkednek rendesen. A két kisgyerek elalszik, és álmukban találkoznak a Kis Hableánnyal, az Oroszlánkirállyal, Ózzal, Vukkal, Paffal a bűvös sárkánnyal és természetesen még nagyon-nagyon sok kedves gyerekdal szereplőjével.</span></p>

<p> 2 szereplővel Natikát és Dinikét édesanyjuk rendre utasítja rosszalkodásuk miatt azzal, hogy másnap nem indulnak Disney Land-be, ha nem viselkednek rendesen. A két kisgyerek elalszik, és álmukban találkoznak a Kis <a class="more-link" href="http://www.szikorarendezoiroda.hu/szikora/gyerekszinhazi-eloadasok/varazslatos-mesekartyak-avagy-a-dalok-szarnyan/">A folytat&aacute;s olvas&aacute;sa &rarr;</a></p>
