{"id":1230,"date":"2015-06-02T07:19:04","date_gmt":"2015-06-02T07:19:04","guid":{"rendered":"http:\/\/www.szikorarendezoiroda.hu\/szikora\/?page_id=1230"},"modified":"2018-08-05T06:57:06","modified_gmt":"2018-08-05T06:57:06","slug":"vitez-katinka","status":"publish","type":"page","link":"http:\/\/www.szikorarendezoiroda.hu\/szikora\/gyerekszinhazi-eloadasok\/vitez-katinka\/","title":{"rendered":"VIT\u00c9Z KATINKA"},"content":{"rendered":"<p><em><span style=\"font-family: Georgia,Palatino; font-size: 12pt;\">3 szerepl\u0151vel<\/span><\/em><\/p>\n<p>&nbsp;<\/p>\n<p><span style=\"font-family: Georgia,Palatino; font-size: 12pt;\">Katink\u00e1t nem a h\u00e1zimunka \u00e9s a sz\u00f6v\u00e9s-fon\u00e1s \u00e9rdekli, hanem a vad\u00e1szat \u00e9s a kardforgat\u00e1s. Mikor Katinka \u00f6reg \u00e9desapj\u00e1t a kir\u00e1ly h\u00e1bor\u00faba h\u00edvja, a le\u00e1ny maga jelentkezik a kir\u00e1lyn\u00e1l fi\u00faruh\u00e1ban.<\/span><\/p>\n","protected":false},"excerpt":{"rendered":"<p>3 szerepl\u0151vel &nbsp; Katink\u00e1t nem a h\u00e1zimunka \u00e9s a sz\u00f6v\u00e9s-fon\u00e1s \u00e9rdekli, hanem a vad\u00e1szat \u00e9s a kardforgat\u00e1s. Mikor Katinka \u00f6reg \u00e9desapj\u00e1t a kir\u00e1ly h\u00e1bor\u00faba h\u00edvja, a le\u00e1ny maga jelentkezik a <a class=\"more-link\" href=\"http:\/\/www.szikorarendezoiroda.hu\/szikora\/gyerekszinhazi-eloadasok\/vitez-katinka\/\">A folytat&aacute;s olvas&aacute;sa &rarr;<\/a><\/p>\n","protected":false},"author":1,"featured_media":1231,"parent":1204,"menu_order":0,"comment_status":"open","ping_status":"open","template":"","meta":{"footnotes":""},"aioseo_notices":[],"_links":{"self":[{"href":"http:\/\/www.szikorarendezoiroda.hu\/szikora\/wp-json\/wp\/v2\/pages\/1230"}],"collection":[{"href":"http:\/\/www.szikorarendezoiroda.hu\/szikora\/wp-json\/wp\/v2\/pages"}],"about":[{"href":"http:\/\/www.szikorarendezoiroda.hu\/szikora\/wp-json\/wp\/v2\/types\/page"}],"author":[{"embeddable":true,"href":"http:\/\/www.szikorarendezoiroda.hu\/szikora\/wp-json\/wp\/v2\/users\/1"}],"replies":[{"embeddable":true,"href":"http:\/\/www.szikorarendezoiroda.hu\/szikora\/wp-json\/wp\/v2\/comments?post=1230"}],"version-history":[{"count":2,"href":"http:\/\/www.szikorarendezoiroda.hu\/szikora\/wp-json\/wp\/v2\/pages\/1230\/revisions"}],"predecessor-version":[{"id":3107,"href":"http:\/\/www.szikorarendezoiroda.hu\/szikora\/wp-json\/wp\/v2\/pages\/1230\/revisions\/3107"}],"up":[{"embeddable":true,"href":"http:\/\/www.szikorarendezoiroda.hu\/szikora\/wp-json\/wp\/v2\/pages\/1204"}],"wp:featuredmedia":[{"embeddable":true,"href":"http:\/\/www.szikorarendezoiroda.hu\/szikora\/wp-json\/wp\/v2\/media\/1231"}],"wp:attachment":[{"href":"http:\/\/www.szikorarendezoiroda.hu\/szikora\/wp-json\/wp\/v2\/media?parent=1230"}],"curies":[{"name":"wp","href":"https:\/\/api.w.org\/{rel}","templated":true}]}}