{"id":1075,"date":"2015-06-01T11:39:20","date_gmt":"2015-06-01T11:39:20","guid":{"rendered":"http:\/\/www.szikorarendezoiroda.hu\/szikora\/?page_id=1075"},"modified":"2018-08-05T05:51:42","modified_gmt":"2018-08-05T05:51:42","slug":"viragh-jozsef","status":"publish","type":"page","link":"http:\/\/www.szikorarendezoiroda.hu\/szikora\/operett\/viragh-jozsef\/","title":{"rendered":"VIR\u00c1GH J\u00d3ZSEF"},"content":{"rendered":"<p>&nbsp;<\/p>\n<p><span style=\"font-family: Georgia,Palatino; font-size: 12pt;\">Igazi bonviv\u00e1n alkat. Eleg\u00e1ns b\u00e1r\u00f3 \u00e9s f\u0151herceg ifjak megszem\u00e9lyes\u00edt\u0151je, de \u201eKukorica Jancsi\u201d-k\u00e9nt is igazi \u201eleg\u00e9ny a g\u00e1ton\u201d. Telev\u00edzi\u00f3s n\u00f3tafelv\u00e9telei azt bizony\u00edtj\u00e1k, hogy mulatni \u00fagy kell, \u00fagy \u00e9rdemes, ahogy \u0151 teszi.<\/span><\/p>\n<p><iframe loading=\"lazy\" width=\"800\" height=\"600\" src=\"https:\/\/www.youtube.com\/embed\/rKkTjiqAI4o?feature=oembed\" frameborder=\"0\" allowfullscreen><\/iframe><\/p>\n","protected":false},"excerpt":{"rendered":"<p>&nbsp; Igazi bonviv\u00e1n alkat. Eleg\u00e1ns b\u00e1r\u00f3 \u00e9s f\u0151herceg ifjak megszem\u00e9lyes\u00edt\u0151je, de \u201eKukorica Jancsi\u201d-k\u00e9nt is igazi \u201eleg\u00e9ny a g\u00e1ton\u201d. Telev\u00edzi\u00f3s n\u00f3tafelv\u00e9telei azt bizony\u00edtj\u00e1k, hogy mulatni \u00fagy kell, \u00fagy \u00e9rdemes, ahogy \u0151 <a class=\"more-link\" href=\"http:\/\/www.szikorarendezoiroda.hu\/szikora\/operett\/viragh-jozsef\/\">A folytat&aacute;s olvas&aacute;sa &rarr;<\/a><\/p>\n","protected":false},"author":1,"featured_media":1076,"parent":29,"menu_order":0,"comment_status":"open","ping_status":"open","template":"","meta":{"footnotes":""},"aioseo_notices":[],"_links":{"self":[{"href":"http:\/\/www.szikorarendezoiroda.hu\/szikora\/wp-json\/wp\/v2\/pages\/1075"}],"collection":[{"href":"http:\/\/www.szikorarendezoiroda.hu\/szikora\/wp-json\/wp\/v2\/pages"}],"about":[{"href":"http:\/\/www.szikorarendezoiroda.hu\/szikora\/wp-json\/wp\/v2\/types\/page"}],"author":[{"embeddable":true,"href":"http:\/\/www.szikorarendezoiroda.hu\/szikora\/wp-json\/wp\/v2\/users\/1"}],"replies":[{"embeddable":true,"href":"http:\/\/www.szikorarendezoiroda.hu\/szikora\/wp-json\/wp\/v2\/comments?post=1075"}],"version-history":[{"count":3,"href":"http:\/\/www.szikorarendezoiroda.hu\/szikora\/wp-json\/wp\/v2\/pages\/1075\/revisions"}],"predecessor-version":[{"id":3066,"href":"http:\/\/www.szikorarendezoiroda.hu\/szikora\/wp-json\/wp\/v2\/pages\/1075\/revisions\/3066"}],"up":[{"embeddable":true,"href":"http:\/\/www.szikorarendezoiroda.hu\/szikora\/wp-json\/wp\/v2\/pages\/29"}],"wp:featuredmedia":[{"embeddable":true,"href":"http:\/\/www.szikorarendezoiroda.hu\/szikora\/wp-json\/wp\/v2\/media\/1076"}],"wp:attachment":[{"href":"http:\/\/www.szikorarendezoiroda.hu\/szikora\/wp-json\/wp\/v2\/media?parent=1075"}],"curies":[{"name":"wp","href":"https:\/\/api.w.org\/{rel}","templated":true}]}}

VIRÁGH JÓZSEF

<p>&nbsp;</p>
<p><span style="font-family: Georgia,Palatino; font-size: 12pt;">Igazi bonviván alkat. Elegáns báró és főherceg ifjak megszemélyesítője, de „Kukorica Jancsi”-ként is igazi „legény a gáton”. Televíziós nótafelvételei azt bizonyítják, hogy mulatni úgy kell, úgy érdemes, ahogy ő teszi.</span></p>
<p><iframe loading="lazy" width="800" height="600" src="https://www.youtube.com/embed/rKkTjiqAI4o?feature=oembed" frameborder="0" allowfullscreen></iframe></p>

<p>&nbsp; Igazi bonviván alkat. Elegáns báró és főherceg ifjak megszemélyesítője, de „Kukorica Jancsi”-ként is igazi „legény a gáton”. Televíziós nótafelvételei azt bizonyítják, hogy mulatni úgy kell, úgy érdemes, ahogy ő <a class="more-link" href="http://www.szikorarendezoiroda.hu/szikora/operett/viragh-jozsef/">A folytat&aacute;s olvas&aacute;sa &rarr;</a></p>
