{"id":1037,"date":"2015-06-01T11:17:12","date_gmt":"2015-06-01T11:17:12","guid":{"rendered":"http:\/\/www.szikorarendezoiroda.hu\/szikora\/?page_id=1037"},"modified":"2018-08-05T05:43:24","modified_gmt":"2018-08-05T05:43:24","slug":"egri-jozsef","status":"publish","type":"page","link":"http:\/\/www.szikorarendezoiroda.hu\/szikora\/operett\/egri-jozsef\/","title":{"rendered":"EGRI J\u00d3ZSEF"},"content":{"rendered":"<p>&nbsp;<\/p>\n<p><span style=\"font-family: Georgia,Palatino; font-size: 12pt;\">Egri J\u00f3zsef a \u201ekimagasl\u00f3\u201d t\u00e1ncos-komikusok k\u00f6z\u00e9 tartozik. A Vigad\u00f3ban \u00e9veken kereszt\u00fcl oly sikeres \u00daj \u00c9vi Koncertnek volt \u00e1lland\u00f3 fell\u00e9p\u0151je<\/span><\/p>\n<p><iframe loading=\"lazy\" width=\"800\" height=\"600\" src=\"https:\/\/www.youtube.com\/embed\/gDP026WfNbE?feature=oembed\" frameborder=\"0\" allowfullscreen><\/iframe><\/p>\n","protected":false},"excerpt":{"rendered":"<p>&nbsp; Egri J\u00f3zsef a \u201ekimagasl\u00f3\u201d t\u00e1ncos-komikusok k\u00f6z\u00e9 tartozik. A Vigad\u00f3ban \u00e9veken kereszt\u00fcl oly sikeres \u00daj \u00c9vi Koncertnek volt \u00e1lland\u00f3 fell\u00e9p\u0151je<\/p>\n","protected":false},"author":1,"featured_media":1038,"parent":29,"menu_order":0,"comment_status":"open","ping_status":"open","template":"","meta":{"footnotes":""},"aioseo_notices":[],"_links":{"self":[{"href":"http:\/\/www.szikorarendezoiroda.hu\/szikora\/wp-json\/wp\/v2\/pages\/1037"}],"collection":[{"href":"http:\/\/www.szikorarendezoiroda.hu\/szikora\/wp-json\/wp\/v2\/pages"}],"about":[{"href":"http:\/\/www.szikorarendezoiroda.hu\/szikora\/wp-json\/wp\/v2\/types\/page"}],"author":[{"embeddable":true,"href":"http:\/\/www.szikorarendezoiroda.hu\/szikora\/wp-json\/wp\/v2\/users\/1"}],"replies":[{"embeddable":true,"href":"http:\/\/www.szikorarendezoiroda.hu\/szikora\/wp-json\/wp\/v2\/comments?post=1037"}],"version-history":[{"count":3,"href":"http:\/\/www.szikorarendezoiroda.hu\/szikora\/wp-json\/wp\/v2\/pages\/1037\/revisions"}],"predecessor-version":[{"id":3053,"href":"http:\/\/www.szikorarendezoiroda.hu\/szikora\/wp-json\/wp\/v2\/pages\/1037\/revisions\/3053"}],"up":[{"embeddable":true,"href":"http:\/\/www.szikorarendezoiroda.hu\/szikora\/wp-json\/wp\/v2\/pages\/29"}],"wp:featuredmedia":[{"embeddable":true,"href":"http:\/\/www.szikorarendezoiroda.hu\/szikora\/wp-json\/wp\/v2\/media\/1038"}],"wp:attachment":[{"href":"http:\/\/www.szikorarendezoiroda.hu\/szikora\/wp-json\/wp\/v2\/media?parent=1037"}],"curies":[{"name":"wp","href":"https:\/\/api.w.org\/{rel}","templated":true}]}}

EGRI JÓZSEF

<p>&nbsp;</p>
<p><span style="font-family: Georgia,Palatino; font-size: 12pt;">Egri József a „kimagasló” táncos-komikusok közé tartozik. A Vigadóban éveken keresztül oly sikeres Új Évi Koncertnek volt állandó fellépője</span></p>
<p><iframe loading="lazy" width="800" height="600" src="https://www.youtube.com/embed/gDP026WfNbE?feature=oembed" frameborder="0" allowfullscreen></iframe></p>

<p>&nbsp; Egri József a „kimagasló” táncos-komikusok közé tartozik. A Vigadóban éveken keresztül oly sikeres Új Évi Koncertnek volt állandó fellépője</p>
